 base 5
-2100211313
Convert -a24aaa (base 15) to base 2.
-11101011010100010111110
What is 10110134 (base 6) in base 4?
1012210222
Convert -748242 (base 9) to base 2.
-1101100110010110011
What is 20333102 (base 4) in base 7?
212225
-2243322 (base 7) to base 2
-1000100010010011100
Convert 2e17b (base 15) to base 14.
3c357
Convert -1157178 (base 9) to base 8.
-2313506
Convert -1450a62 (base 12) to base 5.
-2021232011
352846 (base 10) to base 7
2666464
343231540 (base 6) to base 9
12800216
What is 1640446 (base 10) in base 5?
404443241
Convert -3332113 (base 6) to base 3.
-22111222200
-2312179 (base 11) to base 5
-2013400120
Convert -12637224 (base 8) to base 5.
-1211142233
-16937 (base 11) to base 16
-5ccc
What is -14682 (base 9) in base 10?
-10037
3315540 (base 6) to base 13
5a669
What is a0622 (base 15) in base 14?
d2dd6
202627 (base 11) to base 15
666b4
-c6670e (base 15) to base 13
-1c55b8b
What is -41941 (base 10) in base 15?
-c661
What is -1323012202 (base 4) in base 14?
-d1a82
What is -211451050 (base 6) in base 2?
-1110001101000110000110
Convert -30364 (base 12) to base 6.
-1202204
Convert 100051 (base 7) to base 16.
41cb
Convert -489ac4 (base 15) to base 13.
-948ac6
726558 (base 11) to base 6
40550513
What is 220142000 (base 5) in base 15?
1397ba
116160b (base 14) to base 11
476028a
Convert 1e1a (base 16) to base 13.
367a
-81056 (base 11) to base 8
-347370
-10429a2 (base 13) to base 16
-4b7c9c
Convert 1602661 (base 7) to base 5.
24011024
-4b387c (base 13) to base 3
-10101211021100
Convert 1342124 (base 8) to base 9.
635383
2c92833 (base 13) to base 11
8126969
What is 4321444 (base 9) in base 7?
25460320
What is 3154 (base 15) in base 10?
10429
What is -161112 (base 14) in base 10?
-771276
Convert -eca7 (base 16) to base 11.
-41576
1124300 (base 10) to base 11
6a8781
What is 88b79 (base 14) in base 15?
6837d
Convert 2221221000120 (base 3) to base 2.
110000000000101001101
Convert -102022201110 (base 3) to base 5.
-24112440
11246211 (base 8) to base 13
677809
What is -1162363 (base 8) in base 13?
-b2cc6
What is -1124000 (base 5) in base 6?
-234524
-2d680 (base 16) to base 12
-8b768
Convert 8a14 (base 12) to base 14.
57d6
Convert 22200022220 (base 3) to base 8.
515512
What is -100010001110010010 (base 2) in base 7?
-1122453
What is 14425020 (base 6) in base 5?
112020343
Convert -110011111100011110 (base 2) to base 4.
-303330132
11231222034 (base 5) to base 4
300222230021
18b1d1a (base 14) to base 13
2703466
What is -111010110000001110 (base 2) in base 12?
-b7326
-123db8 (base 14) to base 13
-18b99c
What is 275672 (base 9) in base 7?
1300304
Convert 11000010110111100111 (base 2) to base 5.
201020213
Convert -8380555 (base 9) to base 14.
-849358
-1b206c (base 13) to base 9
-1261378
What is -1575164 (base 8) in base 11?
-292667
What is -1214012 (base 5) in base 15?
-6c3c
-5c3a7 (base 14) to base 7
-1630100
835597 (base 10) to base 12
343691
What is 13422354 (base 6) in base 8?
1567036
Convert 21241130 (base 6) to base 13.
18c82b
What is 43210221 (base 5) in base 10?
366311
Convert 506441 (base 9) to base 4.
1021033030
Convert 552615 (base 7) to base 4.
113230020
Convert 3424212332 (base 5) to base 16.
74b262
Convert -42114212 (base 5) to base 6.
-11243213
45422326 (base 7) to base 9
7387577
Convert 9ddac (base 15) to base 8.
1725473
What is 376a09 (base 11) in base 14?
116acd
What is -491b0 (base 15) in base 5?
-24431030
5316a2 (base 14) to base 7
32604562
-11010111011111111111111 (base 2) to base 3
-111021202120011
What is -65e82 (base 15) in base 11?
-201392
Convert b7444 (base 12) to base 7.
2022046
Convert 4775a (base 11) to base 9.
114326
Convert -51c0dc (base 15) to base 9.
-7275550
What is 40479 (base 16) in base 8?
1002171
Convert cb94 (base 13) to base 8.
67270
What is 6526762 (base 9) in base 13?
957cc5
What is 11000101110011101001 (base 2) in base 4?
3011303221
Convert -1021221220112 (base 3) to base 14.
-13caa9
7b0786 (base 13) to base 2
1011000111100011010011
c8c6 (base 13) to base 11
19a44
103245 (base 10) to base 16
1934d
220102120100101 (base 3) to base 4
301201200031
What is 3502a (base 12) in base 14?
1bb90
-18497b (base 14) to base 15
-11e351
What is -301323032 (base 4) in base 11?
-12a704
-40cdc (base 14) to base 3
-21221021120
2044305 (base 6) to base 8
302221
What is 11532245 (base 6) in base 15?
748e8
Convert 164785 (base 9) to base 14.
2923d
-213311331111 (base 4) to base 13
-2219070
14542ab (base 12) to base 11
2345694
-602921 (base 11) to base 9
-1737626
Convert 16417421 (base 9) to base 7.
126603325
-10210011110 (base 3) to base 11
-50a58
-317353 (base 8) to base 15
-21714
Convert -401210041 (base 6) to base 5.
-3214010433
413a7 (base 13) to base 12
57911
Convert -247680 (base 12) to base 6.
-20420240
What is 294623 (base 10) in base 12?
1225bb
-311453051 (base 6) to base 14
-a093cb
Convert -998383 (base 10) to base 14.
-1bdbb1
Convert 92dd13 (base 16) to base 8.
44556423
What is 11011111101110011 (base 2) in base 9?
184114
-110100010011001011 (base 2) to base 5
-23323334
What is -500401 (base 8) in base 6?
-3303413
Convert -11101000000011010000010 (base 2) to base 15.
-a02ecc
What is -1001001111110100010010 (base 2) in base 15?
-32d3a7
Convert 43221123 (base 7) to base 10.
3685944
Convert -66631a1 (base 11) to base 12.
-3ab78a7
Convert -152a38 (base 11) to base 7.
-2011241
112121110002 (base 3) to base 8
1061500
Convert 13452015 (base 6) to base 11.
293061
Convert 45809 (base 14) to base 10.
168961
34256 (base 14) to base 8
367344
What is a48195 (base 11) in base 14?
31a323
1227443 (base 8) to base 15
6a9ec
Convert -393b8 (base 13) to base 3.
-12101120011
Convert -1301c3b (base 16) to base 2.
-1001100000001110000111011
35523761 (base 8) to base 16
76a7f1
What is 404502 (base 8) in base 13?
4897a
Convert 2c7d (base 14) to base 15.
2551
What is -10001011010100110000001 (base 2) in base 12?
-1642001
Convert -2732909 (base 11) to base 7.
-55050401
-6a33b (base 15) to base 6
-11125515
What is 1221086 (base 9) in base 16?
a1fac
Convert 112154 (base 15) to base 14.
173a90
-312323122 (base 4) to base 11
-144043
What is -13cd08 (base 14) in base 6?
-22431432
What is -1000100011011111011 (base 2) in base 10?
-280315
Convert -3a0b7 (base 12) to base 2.
-10011011100001011
What is -6b1175 (base 12) in base 3?
-10020112120122
Convert 4403134 (base 5) to base 13.
28436
212122120 (base 4) to base 6
3212224
Convert 11111001100010010 (base 2) to base 16.
1f312
Convert 33623 (base 10) to base 9.
51108
8cb07 (base 14) to base 8
1234623
248758 (base 13) to base 7
10304644
What is -18a2640 (base 11) in base 4?
-30033221103
-110011000101100110 (base 2) to base 11
-133241
1000010100111111111110 (base 2) to base 15
2d1ce6
What is -19a5a3 (base 11) in base 16?
-4aea0
What is 10133352 (base 6) in base 8?
1073044
What is 11000000101110111011001 (base 2) in base 14?
ba57bb
-123033331 (base 4) to base 16
-1b3fd
Convert -6889c (base 13) to base 3.
-100200012201
3d2b7 (base 15) to base 9
328331
What is 7a598 (base 15) in base 5?
44430033
What is 3406140 (base 10) in base 6?
201001100
101212220121201 (base 3) to base 15
794161
-388751 (base 10) to base 12
-168b7b
-20020210212 (base 3) to base 4
-132002312
What is -179a628 (base 11) in base 8?
-13472621
1312033 (base 6) to base 2
10001100000110101
Convert 4cb943 (base 15) to base 10.
3684213
What is -88a144 (base 13) in base 14?
-5dbbb5
Convert -10101111001011110101 (base 2) to base 5.
-140430212
Convert -1a762 (base 15) to base 3.
-11101000202
Convert -3524671 (base 9) to base 11.
-109213a
What is 140832 (base 10) in base 9?
234160
Convert 1011100010000011000 (base 2) to base 11.
2389a8
What is -2db232 (base 15) in base 12?
-8a9655
-1761ae (base 16) to base 7
-16011306
-236008 (base 11) to base 6
-12003323
Convert 2db32 (base 16) to base 5.
21442221
-11222111012002 (base 3) to base 13
-718b6b
Convert -1036421 (base 8) to base 3.
-112010001001
What is 2321404 (base 5) in base 10?
42104
32233 (base 13) to base 14
24d73
Convert 120122231 (base 4) to base 6.
2051005
2337112 (base 11) to base 8
17440041
-56442 (base 16) to base 13
-c4aa6
-551440 (base 7) to base 3
-11220112001
What is -151d3b (base 14) in base 11?
-462449
Convert 79875 (base 12) to base 11.
100743
Convert -309104 (base 10) to base 13